{"id":852,"date":"2013-03-29T12:29:42","date_gmt":"2013-03-29T11:29:42","guid":{"rendered":"http:\/\/www.asahidojo.org\/sito\/?page_id=852"},"modified":"2013-04-26T20:49:24","modified_gmt":"2013-04-26T18:49:24","slug":"le-seppuku","status":"publish","type":"page","link":"https:\/\/www.asahidojo.org\/sito\/?page_id=852","title":{"rendered":"LE SEPPUKU"},"content":{"rendered":"<p>Le <b>SEPPUKU<\/b> <b>(<\/b><span style=\"font-family: Arial Unicode MS;\"><b>\u5207\u8179<\/b><\/span><b>)<\/b> litt\u00e9ralement \u00abcoupure au ventre\u00bb ou <b>HARA KIRI<\/b> <b>(<\/b><span style=\"font-family: Arial Unicode MS;\"><b>\u8179\u5207\u308a<\/b><\/span><b>),<\/b> \u00e9tait une forme rituelle de suicide masculin par \u00e9ventration au moyen du WAKIZASHI (sabre court) ou du TANTO (poignard), apparue au Japon vers le XII<sup>e<\/sup>\u00a0si\u00e8cle dans la classe des SAMURAI, et officiellement interdite en 1868 au d\u00e9but de l&rsquo;\u00e8re<b> MEIJI <\/b><span style=\"font-family: Arial Unicode MS;\"><b>\u660e\u6cbb<\/b><b> <\/b><\/span>qui signifie \u00abgouvernement \u00e9clair\u00e9\u00bb.<\/p>\n<p style=\"text-align: center;\"><a href=\"http:\/\/www.asahidojo.org\/sito\/wp-content\/uploads\/2013\/03\/hara-kiri.jpg\"><img loading=\"lazy\" decoding=\"async\" class=\"alignnone size-medium wp-image-1053\" alt=\"hara-kiri\" src=\"http:\/\/www.asahidojo.org\/sito\/wp-content\/uploads\/2013\/03\/hara-kiri-300x210.jpg\" width=\"300\" height=\"210\" srcset=\"https:\/\/www.asahidojo.org\/sito\/wp-content\/uploads\/2013\/03\/hara-kiri-300x210.jpg 300w, https:\/\/www.asahidojo.org\/sito\/wp-content\/uploads\/2013\/03\/hara-kiri.jpg 460w\" sizes=\"auto, (max-width: 300px) 100vw, 300px\" \/><\/a><\/p>\n<p>\u00a0Le ventre, en Asie, est le si\u00e8ge de la volont\u00e9, du courage et des \u00e9motions.<\/p>\n<p>Le terme <b>SEPPUKU<\/b> est form\u00e9 du caract\u00e8re <span style=\"font-family: Arial Unicode MS;\"><b>\u5207<\/b> <\/span>\u00abcouper\u00bb qui est lu <b>SETSU<\/b>, et de <span style=\"font-family: Arial Unicode MS;\"><b>\u8179<\/b> <\/span>\u00abventre\u00bb qui est lu <b>FUKU<\/b>. Il est donc la combinaison de la lecture de ces deux kanji.<\/p>\n<p>Le terme populaire <b>HARA KIRI<\/b> est utilis\u00e9 dans la langue parl\u00e9e japonaise, mais n&rsquo;\u00e9tait pas utilis\u00e9 dans les textes car p\u00e9joratif. Celui-ci est form\u00e9 des m\u00eames caract\u00e8res mais dans le sens inverse\u00a0: <span style=\"font-family: Arial Unicode MS;\"><b>\u8179<\/b> <\/span>\u00abventre\u00bb lu <b>HARA<\/b>, et <span style=\"font-family: Arial Unicode MS;\"><b>\u5207<\/b> <\/span>\u00abcouper\u00bb lu <b>KIRU<\/b>.<\/p>\n<p style=\"text-align: center;\"><a href=\"http:\/\/www.asahidojo.org\/sito\/wp-content\/uploads\/2013\/03\/thNN.jpg\"><img loading=\"lazy\" decoding=\"async\" class=\"alignnone size-full wp-image-1055\" alt=\"thNN\" src=\"http:\/\/www.asahidojo.org\/sito\/wp-content\/uploads\/2013\/03\/thNN.jpg\" width=\"250\" height=\"185\" \/><\/a><\/p>\n<p>Le <b>SEPPUKU<\/b> \u00e9tait traditionnellement utilis\u00e9 en dernier recours par le guerrier quand il estimait un ordre de son ma\u00eetre immoral et refusait de l&rsquo;ex\u00e9cuter.<\/p>\n<p style=\"text-align: center;\"><a href=\"http:\/\/www.asahidojo.org\/sito\/wp-content\/uploads\/2013\/03\/lens6751352_1265355807Seppuku.jpg\"><img loading=\"lazy\" decoding=\"async\" class=\"alignnone size-medium wp-image-2338\" alt=\"lens6751352_1265355807Seppuku\" src=\"http:\/\/www.asahidojo.org\/sito\/wp-content\/uploads\/2013\/03\/lens6751352_1265355807Seppuku-215x300.jpg\" width=\"215\" height=\"300\" srcset=\"https:\/\/www.asahidojo.org\/sito\/wp-content\/uploads\/2013\/03\/lens6751352_1265355807Seppuku-215x300.jpg 215w, https:\/\/www.asahidojo.org\/sito\/wp-content\/uploads\/2013\/03\/lens6751352_1265355807Seppuku.jpg 250w\" sizes=\"auto, (max-width: 215px) 100vw, 215px\" \/><\/a><\/p>\n<p>C&rsquo;\u00e9tait aussi une mani\u00e8re exceptionnelle et valorisante de racheter ses fautes, pour se laver d&rsquo;un \u00e9chec personnel en montrant son courage et son acceptation face \u00e0 la mort.<\/p>\n<p><b>SEPPUKU<\/b> \u00e9tait ex\u00e9cut\u00e9 sur ordre, ou sur propre volont\u00e9 de la personne.<\/p>\n<p style=\"text-align: center;\"><a href=\"http:\/\/www.asahidojo.org\/sito\/wp-content\/uploads\/2013\/03\/Seppuku_005.jpg\"><img loading=\"lazy\" decoding=\"async\" class=\"alignnone size-full wp-image-1056\" alt=\"Seppuku_005\" src=\"http:\/\/www.asahidojo.org\/sito\/wp-content\/uploads\/2013\/03\/Seppuku_005.jpg\" width=\"284\" height=\"264\" \/><\/a><\/p>\n<p>Le <b>SEPPUKU<\/b><i><b> <\/b><\/i>\u00e9tant un rituel masculin, les femmes nobles et \u00e9pouses de samoura\u00efs pratiquaient le <b>JIGAI<\/b>, une forme de suicide consistant \u00e0 se trancher la gorge avec un poignard.<\/p>\n<p>Le <b>SEPPUKU<\/b> se pratiquait normalement seul mais il existe une version diff\u00e9rente moins douloureuse dans laquelle un ami proche, le <b>KAISHAKUNIN<\/b>, coupait la t\u00eate de son ami pour une mort instantan\u00e9e avant ou apr\u00e8s l&rsquo;\u00e9ventration selon la gravit\u00e9 de la faute.<\/p>\n<p style=\"text-align: center;\">\u00a0<a href=\"http:\/\/www.asahidojo.org\/sito\/wp-content\/uploads\/2013\/03\/thHG.jpg\"><img loading=\"lazy\" decoding=\"async\" class=\"alignnone size-full wp-image-1060\" alt=\"thHG\" src=\"http:\/\/www.asahidojo.org\/sito\/wp-content\/uploads\/2013\/03\/thHG.jpg\" width=\"300\" height=\"209\" \/><\/a><\/p>\n<p>Le <b>INSEKI JISATSU<\/b> \u00e9tait un suicide pour \u00e9viter la honte <b>HAJI <\/b><span style=\"font-family: Arial Unicode MS;\"><b>\u6065<\/b> <\/span>alors que le <b>GYOKUSAI<\/b> \u00e9tait un suicide d&rsquo;honneur <b>MEIYO <\/b><span style=\"font-family: Arial Unicode MS;\"><b>\u540d\u8a89<\/b> <\/span>, largement pratiqu\u00e9 au cours de la seconde guerre mondiale par les soldats japonais, pour \u00e9viter de se rendre.<\/p>\n<p>Pour \u00eatre complet, il faut citer une partie du manuel du parfait <b>SAMURAI<\/b> (le <b>HAGAKURE<\/b>) qui d\u00e9signait <b>OIBARA<\/b> comme le suicide d&rsquo;inf\u00e9odation. Il se subdivise en <b>MAEBARA<\/b> et <b>SAKIBARA<\/b> selon que le samoura\u00ef pr\u00e9c\u00e9dait ou suivait son seigneur dans la mort.<\/p>\n<p>Le <b>HAGAKUR<\/b><b>E<\/b><i> <\/i><span style=\"font-family: Arial Unicode MS;\"><b>\u8449\u96a0<\/b><\/span>, litt\u00e9ralement \u00ab\u00e0 l&rsquo;ombre des feuilles\u00bb ou \u00abcach\u00e9 dans le feuillage\u00bb , \u00e9tait un guide pratique et spirituel destin\u00e9 aux guerriers \u2026 c&rsquo;\u00e9tait le livre du SAMURAI !! La sagesse de cet ouvrage, suite d&rsquo;\u00e9vocations et de r\u00e9flexions est accessible \u00e0 quiconque qui sait en trouver le vrai sens, cach\u00e9 entre les lignes, comme sous des feuillages.<\/p>\n<p style=\"text-align: center;\"><a href=\"http:\/\/www.asahidojo.org\/sito\/wp-content\/uploads\/2013\/03\/4770011067.01._SS500_SCLZZZZZZZ_V1108058514_.jpg\"><img loading=\"lazy\" decoding=\"async\" class=\"alignnone size-medium wp-image-1058\" alt=\"4770011067.01._SS500_SCLZZZZZZZ_V1108058514_\" src=\"http:\/\/www.asahidojo.org\/sito\/wp-content\/uploads\/2013\/03\/4770011067.01._SS500_SCLZZZZZZZ_V1108058514_-300x300.jpg\" width=\"300\" height=\"300\" srcset=\"https:\/\/www.asahidojo.org\/sito\/wp-content\/uploads\/2013\/03\/4770011067.01._SS500_SCLZZZZZZZ_V1108058514_-300x300.jpg 300w, https:\/\/www.asahidojo.org\/sito\/wp-content\/uploads\/2013\/03\/4770011067.01._SS500_SCLZZZZZZZ_V1108058514_-150x150.jpg 150w, https:\/\/www.asahidojo.org\/sito\/wp-content\/uploads\/2013\/03\/4770011067.01._SS500_SCLZZZZZZZ_V1108058514_.jpg 500w\" sizes=\"auto, (max-width: 300px) 100vw, 300px\" \/><\/a><\/p>\n<p>&nbsp;<\/p>\n","protected":false},"excerpt":{"rendered":"<p>Le SEPPUKU (\u5207\u8179) litt\u00e9ralement \u00abcoupure au ventre\u00bb ou HARA KIRI (\u8179\u5207\u308a), \u00e9tait une forme rituelle de suicide masculin par \u00e9ventration au moyen du WAKIZASHI (sabre court) ou du TANTO (poignard), apparue au Japon vers le XIIe\u00a0si\u00e8cle dans la classe des &hellip; <a href=\"https:\/\/www.asahidojo.org\/sito\/?page_id=852\">Continue reading <span class=\"meta-nav\">&rarr;<\/span><\/a><\/p>\n","protected":false},"author":1,"featured_media":0,"parent":902,"menu_order":0,"comment_status":"open","ping_status":"open","template":"","meta":{"footnotes":""},"class_list":["post-852","page","type-page","status-publish","hentry"],"_links":{"self":[{"href":"https:\/\/www.asahidojo.org\/sito\/index.php?rest_route=\/wp\/v2\/pages\/852","targetHints":{"allow":["GET"]}}],"collection":[{"href":"https:\/\/www.asahidojo.org\/sito\/index.php?rest_route=\/wp\/v2\/pages"}],"about":[{"href":"https:\/\/www.asahidojo.org\/sito\/index.php?rest_route=\/wp\/v2\/types\/page"}],"author":[{"embeddable":true,"href":"https:\/\/www.asahidojo.org\/sito\/index.php?rest_route=\/wp\/v2\/users\/1"}],"replies":[{"embeddable":true,"href":"https:\/\/www.asahidojo.org\/sito\/index.php?rest_route=%2Fwp%2Fv2%2Fcomments&post=852"}],"version-history":[{"count":9,"href":"https:\/\/www.asahidojo.org\/sito\/index.php?rest_route=\/wp\/v2\/pages\/852\/revisions"}],"predecessor-version":[{"id":1052,"href":"https:\/\/www.asahidojo.org\/sito\/index.php?rest_route=\/wp\/v2\/pages\/852\/revisions\/1052"}],"up":[{"embeddable":true,"href":"https:\/\/www.asahidojo.org\/sito\/index.php?rest_route=\/wp\/v2\/pages\/902"}],"wp:attachment":[{"href":"https:\/\/www.asahidojo.org\/sito\/index.php?rest_route=%2Fwp%2Fv2%2Fmedia&parent=852"}],"curies":[{"name":"wp","href":"https:\/\/api.w.org\/{rel}","templated":true}]}}