{"id":792,"date":"2013-03-28T17:22:25","date_gmt":"2013-03-28T16:22:25","guid":{"rendered":"http:\/\/www.asahidojo.org\/sito\/?page_id=792"},"modified":"2013-04-26T20:41:58","modified_gmt":"2013-04-26T18:41:58","slug":"le-kiai","status":"publish","type":"page","link":"https:\/\/www.asahidojo.org\/sito\/?page_id=792","title":{"rendered":"LE KIAI"},"content":{"rendered":"<p>Le <b>KIAI<\/b><i> <\/i>(<span style=\"font-family: Arial Unicode MS;\"><b>\u6c17\u5408<\/b><\/span>),utilis\u00e9 dans les arts martiaux, est la concentration audible de toute l&rsquo;\u00e9nergie du pratiquant dans un seul mouvement. Ce cri \u00e9nerg\u00e9tique, spontan\u00e9, est utilis\u00e9 notamment pour marquer une volont\u00e9 d&rsquo;action, ou bien pour perturber la concentration de l&rsquo;adversaire.<\/p>\n<p>Il est compos\u00e9 des Kanji :<\/p>\n<p>&#8211; <b>\u6c17<\/b> qui se lit \u00ab<strong>KI<\/strong>\u00bb , et d\u00e9signe l&rsquo;\u00e9nergie interne, l&rsquo;\u00e2me, l&rsquo;esprit, la volont\u00e9\u2026<\/p>\n<p>&#8211; <b>\u5408<\/b> qui se lit \u00ab<strong>AI<\/strong>\u00bb (contraction de \u00abawasu\u00bb) r\u00e9unir.<\/p>\n<p style=\"text-align: center;\"><a href=\"http:\/\/www.asahidojo.org\/sito\/wp-content\/uploads\/2013\/03\/DSC_00911.jpg\"><img loading=\"lazy\" decoding=\"async\" class=\"alignnone size-full wp-image-1304\" alt=\"DSC_0091\" src=\"http:\/\/www.asahidojo.org\/sito\/wp-content\/uploads\/2013\/03\/DSC_00911.jpg\" width=\"279\" height=\"300\" \/><\/a><\/p>\n<p>Le <strong>KIAI<\/strong> est donc une \u00abextension \u00e9nerg\u00e9tique\u00bb de l&rsquo;ext\u00e9riorisation d&rsquo;un \u00abcri interne\u00bb, du souffle-\u00e9nergie <strong>KI<\/strong> <i>(kokyu-ryokyu)<\/i> accompagnant un mouvement martial.<\/p>\n<p>Selon les directions de l&rsquo;action et le niveau de l&rsquo;expert, le <b>KIAI<\/b> peut varier de son (prendre des tonalit\u00e9s diff\u00e9rents) mais il est toujours <b>spontan\u00e9<\/b> et vient du <strong>HARA<\/strong> le ventre, qui est le r\u00e9servoir de notre \u00e9nergie appel\u00e9 \u00ab\u00a0oc\u00e9an \u00e9nerg\u00e9tique\u00a0\u00bb.<\/p>\n<p style=\"text-align: center;\"><a href=\"http:\/\/www.asahidojo.org\/sito\/wp-content\/uploads\/2013\/03\/Hara.jpg\"><img loading=\"lazy\" decoding=\"async\" class=\"alignnone size-medium wp-image-2162\" alt=\"Hara\" src=\"http:\/\/www.asahidojo.org\/sito\/wp-content\/uploads\/2013\/03\/Hara-273x300.jpg\" width=\"200\" height=\"220\" srcset=\"https:\/\/www.asahidojo.org\/sito\/wp-content\/uploads\/2013\/03\/Hara-273x300.jpg 273w, https:\/\/www.asahidojo.org\/sito\/wp-content\/uploads\/2013\/03\/Hara.jpg 364w\" sizes=\"auto, (max-width: 200px) 100vw, 200px\" \/><\/a><strong>HARA<\/strong><\/p>\n<p>Le <strong>KIAI<\/strong> peut \u00eatre aussi silencieux et prend le nom alors de <b>KENSEI<\/b>.<\/p>\n<p>La ma\u00eetrise du <b>KIAI<\/b><i>,<\/i> le <b>KIAI JUTSU<\/b><b>(<\/b><b>\u6c17\u5408<\/b><b>\u8853<\/b><b>)<\/b><i><b> <\/b><\/i>, demande une bonne connaissance et un bon contr\u00f4le de l&rsquo;appareil respiratoire et des muscles de l&rsquo;abdomen. Le <b>KIAI JUTSU <\/b>d\u00e9veloppe donc la force, la dur\u00e9e et la ma\u00eetrise de la respiration et apprend \u00e0 canaliser ses \u00e9nergies.<\/p>\n<p>Dans les <b>KATA<\/b> <b>(<\/b><span style=\"font-family: Arial Unicode MS;\"><span style=\"color: #000000;\"><span style=\"font-size: medium;\"><b>\u578b<\/b><\/span><\/span><\/span><span style=\"color: #000000;\"><span style=\"font-size: medium;\"><b>)<\/b><\/span><\/span> des <b>GENDAI BUDO (<\/b><span style=\"font-family: Arial Unicode MS;\"><b>\u73fe\u4ee3\u6b66\u9053<\/b><\/span><b>) &#8211; <\/b>BUDO modernes tel que le KARATE DO par exemple &#8211; le cri sonore <strong>SAKEBI\u00a0 (\u53eb\u3073)<\/strong> <b>pr\u00e9m\u00e9dit\u00e9, impos\u00e9 <\/b>qui accompagne certaines techniques n&rsquo;est pas un<strong> KIAI<\/strong> au sens \u00e9tymologique du terme, mais plut\u00f4t une obligation plus technique qu&rsquo;\u00e9nerg\u00e9tique.<\/p>\n<p style=\"text-align: center;\"><a href=\"http:\/\/www.asahidojo.org\/sito\/wp-content\/uploads\/2013\/03\/DSC_00291.jpg\"><img loading=\"lazy\" decoding=\"async\" class=\"alignnone size-full wp-image-1303\" alt=\"DSC_0029\" src=\"http:\/\/www.asahidojo.org\/sito\/wp-content\/uploads\/2013\/03\/DSC_00291.jpg\" width=\"300\" height=\"251\" \/><\/a><\/p>\n<p>&nbsp;<\/p>\n","protected":false},"excerpt":{"rendered":"<p>Le KIAI (\u6c17\u5408),utilis\u00e9 dans les arts martiaux, est la concentration audible de toute l&rsquo;\u00e9nergie du pratiquant dans un seul mouvement. Ce cri \u00e9nerg\u00e9tique, spontan\u00e9, est utilis\u00e9 notamment pour marquer une volont\u00e9 d&rsquo;action, ou bien pour perturber la concentration de l&rsquo;adversaire. &hellip; <a href=\"https:\/\/www.asahidojo.org\/sito\/?page_id=792\">Continue reading <span class=\"meta-nav\">&rarr;<\/span><\/a><\/p>\n","protected":false},"author":1,"featured_media":0,"parent":902,"menu_order":0,"comment_status":"open","ping_status":"open","template":"","meta":{"footnotes":""},"class_list":["post-792","page","type-page","status-publish","hentry"],"_links":{"self":[{"href":"https:\/\/www.asahidojo.org\/sito\/index.php?rest_route=\/wp\/v2\/pages\/792","targetHints":{"allow":["GET"]}}],"collection":[{"href":"https:\/\/www.asahidojo.org\/sito\/index.php?rest_route=\/wp\/v2\/pages"}],"about":[{"href":"https:\/\/www.asahidojo.org\/sito\/index.php?rest_route=\/wp\/v2\/types\/page"}],"author":[{"embeddable":true,"href":"https:\/\/www.asahidojo.org\/sito\/index.php?rest_route=\/wp\/v2\/users\/1"}],"replies":[{"embeddable":true,"href":"https:\/\/www.asahidojo.org\/sito\/index.php?rest_route=%2Fwp%2Fv2%2Fcomments&post=792"}],"version-history":[{"count":10,"href":"https:\/\/www.asahidojo.org\/sito\/index.php?rest_route=\/wp\/v2\/pages\/792\/revisions"}],"predecessor-version":[{"id":2359,"href":"https:\/\/www.asahidojo.org\/sito\/index.php?rest_route=\/wp\/v2\/pages\/792\/revisions\/2359"}],"up":[{"embeddable":true,"href":"https:\/\/www.asahidojo.org\/sito\/index.php?rest_route=\/wp\/v2\/pages\/902"}],"wp:attachment":[{"href":"https:\/\/www.asahidojo.org\/sito\/index.php?rest_route=%2Fwp%2Fv2%2Fmedia&parent=792"}],"curies":[{"name":"wp","href":"https:\/\/api.w.org\/{rel}","templated":true}]}}