{"id":630,"date":"2013-03-17T20:18:54","date_gmt":"2013-03-17T19:18:54","guid":{"rendered":"http:\/\/www.asahidojo.org\/sito\/?page_id=630"},"modified":"2013-04-26T20:30:19","modified_gmt":"2013-04-26T18:30:19","slug":"hakama","status":"publish","type":"page","link":"https:\/\/www.asahidojo.org\/sito\/?page_id=630","title":{"rendered":"LE HAKAMA"},"content":{"rendered":"<h2><i><b>HAKAMA<\/b><\/i> (<strong>\u88b4<\/strong>)<\/h2>\n<p style=\"text-align: center;\"><a href=\"http:\/\/www.asahidojo.org\/sito\/wp-content\/uploads\/2013\/03\/hakama.gif\"><img loading=\"lazy\" decoding=\"async\" class=\"alignnone size-full wp-image-1292\" alt=\"hakama\" src=\"http:\/\/www.asahidojo.org\/sito\/wp-content\/uploads\/2013\/03\/hakama.gif\" width=\"178\" height=\"353\" \/><\/a><\/p>\n<h3 style=\"text-align: center;\"><span style=\"color: #000000;\">Pantalon type jupe-culotte large pliss\u00e9 \u00e0 sept plis (cinq devant et deux derri\u00e8re) qui repr\u00e9sentent symboliquement les sept grandes vertus confuc\u00e9ennes associ\u00e9es au <strong>BUSHIDO \u6b66\u58eb\u9053 <\/strong>(la voie du guerrier) :<\/span><\/h3>\n<h3><\/h3>\n<ul>\n<li><strong>Droiture (\u7fa9) <\/strong><strong>GI<\/strong><i>\u00a0<\/i> parfois aussi traduit par rectitude ou rigueur.<\/li>\n<li><strong>Courage (\u52c7) YU<\/strong><\/li>\n<li><strong>Bienveillance (\u4ec1) JIN<\/strong> parfois aussi traduit par grandeur d&rsquo;\u00e2me, compassion ou g\u00e9n\u00e9rosit\u00e9.<\/li>\n<li><strong>Politesse (\u793c) REI <\/strong>correspondant \u00e0 l&rsquo;\u00e9tiquette apparue en France \u00e0 la m\u00eame \u00e9poque ou d&rsquo;une mani\u00e8re plus g\u00e9n\u00e9rale, le respect, la courtoisie.<\/li>\n<li><strong>Sinc\u00e9rit\u00e9<\/strong> <strong>(\u8aa0)<\/strong> <strong>MAKOTO<\/strong> ou honn\u00eatet\u00e9.<\/li>\n<li><strong>Honneur (\u540d\u8a89) MEIYO<\/strong><\/li>\n<li><strong>Loyaut\u00e9 (\u5fe0\u7fa9) CHUGI<\/strong><\/li>\n<\/ul>\n<h3><span style=\"color: #000000;\">Il est muni d&rsquo;un dosseret rigide appel\u00e9 <strong>KOSHI ITA <\/strong>destin\u00e9 au maintien du dos <\/span><span style=\"color: #000000;\">et \u00e9tait traditionnellement port\u00e9 par les nobles du Japon m\u00e9di\u00e9val, et notamment les Samurai. Il prit sa forme actuelle durant la p\u00e9riode Edo. \u00a0\u00a0\u00a0\u00a0\u00a0\u00a0<\/span><\/h3>\n<h3 style=\"text-align: center;\"><span style=\"color: #000000;\">\u00a0\u00a0\u00a0\u00a0\u00a0\u00a0\u00a0\u00a0\u00a0\u00a0\u00a0\u00a0\u00a0\u00a0\u00a0\u00a0\u00a0\u00a0\u00a0\u00a0\u00a0\u00a0\u00a0\u00a0\u00a0\u00a0\u00a0\u00a0\u00a0 <a href=\"http:\/\/www.asahidojo.org\/sito\/wp-content\/uploads\/2013\/03\/thn.jpg\"><img loading=\"lazy\" decoding=\"async\" class=\"alignnone size-full wp-image-2208\" alt=\"th;;,n\" src=\"http:\/\/www.asahidojo.org\/sito\/wp-content\/uploads\/2013\/03\/thn.jpg\" width=\"244\" height=\"242\" \/><\/a><\/span><\/h3>\n<h3><span style=\"color: #000000;\">Les cordons <strong>KODO<\/strong> (<strong>\u30b3\u30fc\u30c9<\/strong>) sont au nombre de 4 &#8230;. 2 longs et 2 courts.<br \/>\n<\/span><\/h3>\n<h3 style=\"text-align: left;\"><span style=\"color: #000000;\">Aujourd&rsquo;hui il est port\u00e9 lors de la pratique de l&rsquo;AIKI DO, de l&rsquo;AIKI JUTSU, du IAI DO, du KEN DO &#8230;. G\u00e9n\u00e9ralement de couleur noir ou bleu fonc\u00e9,\u00a0 il peut \u00eatre de couleur grise pour les experts.<br \/>\n<\/span><\/h3>\n<h3>Dans la tradition japonaise <strong>NIHON DENTO<\/strong> <strong>\u65e5\u672c\u4f1d\u7d71<\/strong>, plier le <strong>HAKAMA (ORI BAKAMA)<\/strong> de son <strong>SENSEI<\/strong> est une preuve de reconnaissance et de remerciement pour l&rsquo;enseignement re\u00e7u.<\/h3>\n<p style=\"text-align: center;\"><a href=\"http:\/\/www.asahidojo.org\/sito\/wp-content\/uploads\/2013\/03\/folded-hakama1.jpg\"><img loading=\"lazy\" decoding=\"async\" class=\"alignnone size-medium wp-image-2146\" alt=\"folded-hakama\" src=\"http:\/\/www.asahidojo.org\/sito\/wp-content\/uploads\/2013\/03\/folded-hakama1-300x225.jpg\" width=\"264\" height=\"198\" srcset=\"https:\/\/www.asahidojo.org\/sito\/wp-content\/uploads\/2013\/03\/folded-hakama1-300x225.jpg 300w, https:\/\/www.asahidojo.org\/sito\/wp-content\/uploads\/2013\/03\/folded-hakama1.jpg 350w\" sizes=\"auto, (max-width: 264px) 100vw, 264px\" \/><\/a><\/p>\n<p>&nbsp;<\/p>\n<p style=\"text-align: center;\"><a href=\"http:\/\/www.asahidojo.org\/sito\/wp-content\/uploads\/2013\/03\/index3.jpg\"><img loading=\"lazy\" decoding=\"async\" class=\"alignnone size-medium wp-image-1293\" alt=\"index\" src=\"http:\/\/www.asahidojo.org\/sito\/wp-content\/uploads\/2013\/03\/index3-300x248.jpg\" width=\"300\" height=\"248\" srcset=\"https:\/\/www.asahidojo.org\/sito\/wp-content\/uploads\/2013\/03\/index3-300x248.jpg 300w, https:\/\/www.asahidojo.org\/sito\/wp-content\/uploads\/2013\/03\/index3.jpg 550w\" sizes=\"auto, (max-width: 300px) 100vw, 300px\" \/><\/a><\/p>\n","protected":false},"excerpt":{"rendered":"<p>HAKAMA (\u88b4) Pantalon type jupe-culotte large pliss\u00e9 \u00e0 sept plis (cinq devant et deux derri\u00e8re) qui repr\u00e9sentent symboliquement les sept grandes vertus confuc\u00e9ennes associ\u00e9es au BUSHIDO \u6b66\u58eb\u9053 (la voie du guerrier) : Droiture (\u7fa9) GI\u00a0 parfois aussi traduit par rectitude &hellip; <a href=\"https:\/\/www.asahidojo.org\/sito\/?page_id=630\">Continue reading <span class=\"meta-nav\">&rarr;<\/span><\/a><\/p>\n","protected":false},"author":1,"featured_media":0,"parent":902,"menu_order":0,"comment_status":"open","ping_status":"open","template":"","meta":{"footnotes":""},"class_list":["post-630","page","type-page","status-publish","hentry"],"_links":{"self":[{"href":"https:\/\/www.asahidojo.org\/sito\/index.php?rest_route=\/wp\/v2\/pages\/630","targetHints":{"allow":["GET"]}}],"collection":[{"href":"https:\/\/www.asahidojo.org\/sito\/index.php?rest_route=\/wp\/v2\/pages"}],"about":[{"href":"https:\/\/www.asahidojo.org\/sito\/index.php?rest_route=\/wp\/v2\/types\/page"}],"author":[{"embeddable":true,"href":"https:\/\/www.asahidojo.org\/sito\/index.php?rest_route=\/wp\/v2\/users\/1"}],"replies":[{"embeddable":true,"href":"https:\/\/www.asahidojo.org\/sito\/index.php?rest_route=%2Fwp%2Fv2%2Fcomments&post=630"}],"version-history":[{"count":16,"href":"https:\/\/www.asahidojo.org\/sito\/index.php?rest_route=\/wp\/v2\/pages\/630\/revisions"}],"predecessor-version":[{"id":2356,"href":"https:\/\/www.asahidojo.org\/sito\/index.php?rest_route=\/wp\/v2\/pages\/630\/revisions\/2356"}],"up":[{"embeddable":true,"href":"https:\/\/www.asahidojo.org\/sito\/index.php?rest_route=\/wp\/v2\/pages\/902"}],"wp:attachment":[{"href":"https:\/\/www.asahidojo.org\/sito\/index.php?rest_route=%2Fwp%2Fv2%2Fmedia&parent=630"}],"curies":[{"name":"wp","href":"https:\/\/api.w.org\/{rel}","templated":true}]}}