{"id":335,"date":"2013-03-15T17:59:05","date_gmt":"2013-03-15T16:59:05","guid":{"rendered":"http:\/\/www.asahidojo.org\/sito\/?page_id=335"},"modified":"2021-04-04T15:36:28","modified_gmt":"2021-04-04T13:36:28","slug":"liens","status":"publish","type":"page","link":"https:\/\/www.asahidojo.org\/sito\/?page_id=335","title":{"rendered":"LIENS"},"content":{"rendered":"<p style=\"text-align: center;\"><strong><a href=\"http:\/\/www.asahidojo.org\/sito\/wp-content\/uploads\/2013\/03\/AMITIE.bmp\"><img loading=\"lazy\" decoding=\"async\" class=\"alignnone size-medium wp-image-2715\" src=\"http:\/\/www.asahidojo.org\/sito\/wp-content\/uploads\/2013\/03\/AMITIE.bmp\" alt=\"AMITIE\" width=\"302\" height=\"428\"><\/a>YUJO<\/strong> ( l&rsquo;amiti\u00e9 )<\/p>\n<h4><strong>Site du Directeur National Italie Nicola CORTELLINO Kyoshi &#8211; Bucho<br><\/strong><\/h4>\n<h2 style=\"text-align: center;\"><a href=\"http:\/\/www.jujitsuclubdueville.it\/\" target=\"_blank\" rel=\"noopener\"><span style=\"color: #0000ff;\">www.jujitsuclubdueville.it<\/span><\/a><\/h2>\n<p style=\"text-align: center;\"><a href=\"http:\/\/www.asahidojo.org\/sito\/wp-content\/uploads\/2013\/03\/Martin-logo_jujitsu_dueville_tondo.jpg\"><img loading=\"lazy\" decoding=\"async\" class=\"alignnone size-full wp-image-1114\" src=\"http:\/\/www.asahidojo.org\/sito\/wp-content\/uploads\/2013\/03\/Martin-logo_jujitsu_dueville_tondo.jpg\" alt=\"Martin-logo_jujitsu_dueville_tondo\" width=\"183\" height=\"183\" srcset=\"https:\/\/www.asahidojo.org\/sito\/wp-content\/uploads\/2013\/03\/Martin-logo_jujitsu_dueville_tondo.jpg 300w, https:\/\/www.asahidojo.org\/sito\/wp-content\/uploads\/2013\/03\/Martin-logo_jujitsu_dueville_tondo-150x150.jpg 150w\" sizes=\"auto, (max-width: 183px) 100vw, 183px\" \/><\/a><\/p>\n<h4><strong>Site du Repr\u00e9sentant National KARATEDO Camille BEN ICHOU Shihan &#8211; Shibucho <\/strong><\/h4>\n<h2 style=\"text-align: center;\" data-ft=\"{&quot;type&quot;:1,&quot;tn&quot;:&quot;K&quot;}\"><a href=\"http:\/\/www.tekishinryu.com\/\" target=\"_blank\" rel=\"nofollow noopener\"><span style=\"color: #0000ff;\">www.karatevajra.com<\/span><\/a><\/h2>\n<p style=\"text-align: center;\"><a href=\"http:\/\/www.asahidojo.org\/sito\/wp-content\/uploads\/2013\/03\/cropped-Logo1.png\"><img loading=\"lazy\" decoding=\"async\" class=\"alignnone size-medium wp-image-2718\" src=\"http:\/\/www.asahidojo.org\/sito\/wp-content\/uploads\/2013\/03\/cropped-Logo1-300x300.png\" alt=\"cropped-Logo\" width=\"207\" height=\"207\" srcset=\"https:\/\/www.asahidojo.org\/sito\/wp-content\/uploads\/2013\/03\/cropped-Logo1-300x300.png 300w, https:\/\/www.asahidojo.org\/sito\/wp-content\/uploads\/2013\/03\/cropped-Logo1-150x150.png 150w, https:\/\/www.asahidojo.org\/sito\/wp-content\/uploads\/2013\/03\/cropped-Logo1.png 321w\" sizes=\"auto, (max-width: 207px) 100vw, 207px\" \/><\/a><\/p>\n<h4><strong>Site du Repr\u00e9sentant National JU JUTSU Thien BUI Renshi&nbsp; &#8211; Shibucho <\/strong><\/h4>\n<h2 style=\"text-align: center;\"><span style=\"color: #0000ff;\">http:\/\/ki.shin.tai.toulouse.free.fr<\/span><\/h2>\n<p style=\"text-align: center;\"><a href=\"http:\/\/www.asahidojo.org\/sito\/wp-content\/uploads\/2013\/03\/Hikari-Tora-couleur.gif\"><img loading=\"lazy\" decoding=\"async\" class=\"alignnone size-medium wp-image-1624\" src=\"http:\/\/www.asahidojo.org\/sito\/wp-content\/uploads\/2013\/03\/Hikari-Tora-couleur-293x300.gif\" alt=\"Hikari Tora - couleur\" width=\"195\" height=\"200\" srcset=\"https:\/\/www.asahidojo.org\/sito\/wp-content\/uploads\/2013\/03\/Hikari-Tora-couleur-293x300.gif 293w, https:\/\/www.asahidojo.org\/sito\/wp-content\/uploads\/2013\/03\/Hikari-Tora-couleur-1002x1024.gif 1002w\" sizes=\"auto, (max-width: 195px) 100vw, 195px\" \/><\/a><\/p>\n<h4><strong>Site du Directeur National Slov\u00e9nie \/ ex Yougoslavie Damjan APOLLONIO Renshi &#8211; Bucho<br><\/strong><\/h4>\n<h2 style=\"text-align: center;\"><cite><span style=\"color: #0000ff;\">&nbsp;<\/span><a href=\"http:\/\/www.tekishinryu.com\/\" target=\"_blank\" rel=\"nofollow noopener\"><span style=\"color: #0000ff;\">www.ju-jitsu-obala.si<\/span><\/a><\/cite><\/h2>\n<p><a href=\"http:\/\/www.asahidojo.org\/sito\/wp-content\/uploads\/2013\/03\/OBALA1.png\"><img loading=\"lazy\" decoding=\"async\" class=\"size-medium wp-image-2720 aligncenter\" src=\"http:\/\/www.asahidojo.org\/sito\/wp-content\/uploads\/2013\/03\/OBALA1-300x300.png\" alt=\"OBALA\" width=\"212\" height=\"212\" srcset=\"https:\/\/www.asahidojo.org\/sito\/wp-content\/uploads\/2013\/03\/OBALA1-300x300.png 300w, https:\/\/www.asahidojo.org\/sito\/wp-content\/uploads\/2013\/03\/OBALA1-150x150.png 150w, https:\/\/www.asahidojo.org\/sito\/wp-content\/uploads\/2013\/03\/OBALA1.png 336w\" sizes=\"auto, (max-width: 212px) 100vw, 212px\" \/><\/a><cite><\/cite><\/p>\n<h4><strong>Site du Directeur National Hongrie \/ Roumanie Istvan NAGY HINST Hanshi &#8211; Bucho<\/strong><\/h4>\n<h2 style=\"text-align: center;\"><span style=\"color: #0000ff;\">nagy-hinst-istvan-elismerese<\/span><\/h2>\n<p style=\"text-align: center;\"><strong><a href=\"http:\/\/www.asahidojo.org\/sito\/wp-content\/uploads\/2018\/12\/NAGY-HINST-DET.gif\"><img loading=\"lazy\" decoding=\"async\" class=\"alignnone size-medium wp-image-3083\" src=\"http:\/\/www.asahidojo.org\/sito\/wp-content\/uploads\/2018\/12\/NAGY-HINST-DET-221x300.gif\" alt=\"\" width=\"221\" height=\"300\"><\/a><\/strong><\/p>\n\n\n<div class=\"wp-block-image\"><figure class=\"aligncenter is-resized\"><img loading=\"lazy\" decoding=\"async\" src=\"http:\/\/www.asahidojo.org\/sito\/wp-content\/uploads\/2019\/02\/1-8.jpg\" alt=\"\" class=\"wp-image-3147\" width=\"557\" height=\"257\" srcset=\"https:\/\/www.asahidojo.org\/sito\/wp-content\/uploads\/2019\/02\/1-8.jpg 960w, https:\/\/www.asahidojo.org\/sito\/wp-content\/uploads\/2019\/02\/1-8-300x139.jpg 300w, https:\/\/www.asahidojo.org\/sito\/wp-content\/uploads\/2019\/02\/1-8-768x356.jpg 768w\" sizes=\"auto, (max-width: 557px) 100vw, 557px\" \/><\/figure><\/div>\n","protected":false},"excerpt":{"rendered":"<p>YUJO ( l&rsquo;amiti\u00e9 ) Site du Directeur National Italie Nicola CORTELLINO Kyoshi &#8211; Bucho www.jujitsuclubdueville.it Site du Repr\u00e9sentant National KARATEDO Camille BEN ICHOU Shihan &#8211; Shibucho www.karatevajra.com Site du Repr\u00e9sentant National JU JUTSU Thien BUI Renshi&nbsp; &#8211; Shibucho http:\/\/ki.shin.tai.toulouse.free.fr Site &hellip; <a href=\"https:\/\/www.asahidojo.org\/sito\/?page_id=335\">Continue reading <span class=\"meta-nav\">&rarr;<\/span><\/a><\/p>\n","protected":false},"author":1,"featured_media":0,"parent":932,"menu_order":0,"comment_status":"open","ping_status":"open","template":"","meta":{"footnotes":""},"class_list":["post-335","page","type-page","status-publish","hentry"],"_links":{"self":[{"href":"https:\/\/www.asahidojo.org\/sito\/index.php?rest_route=\/wp\/v2\/pages\/335","targetHints":{"allow":["GET"]}}],"collection":[{"href":"https:\/\/www.asahidojo.org\/sito\/index.php?rest_route=\/wp\/v2\/pages"}],"about":[{"href":"https:\/\/www.asahidojo.org\/sito\/index.php?rest_route=\/wp\/v2\/types\/page"}],"author":[{"embeddable":true,"href":"https:\/\/www.asahidojo.org\/sito\/index.php?rest_route=\/wp\/v2\/users\/1"}],"replies":[{"embeddable":true,"href":"https:\/\/www.asahidojo.org\/sito\/index.php?rest_route=%2Fwp%2Fv2%2Fcomments&post=335"}],"version-history":[{"count":21,"href":"https:\/\/www.asahidojo.org\/sito\/index.php?rest_route=\/wp\/v2\/pages\/335\/revisions"}],"predecessor-version":[{"id":3345,"href":"https:\/\/www.asahidojo.org\/sito\/index.php?rest_route=\/wp\/v2\/pages\/335\/revisions\/3345"}],"up":[{"embeddable":true,"href":"https:\/\/www.asahidojo.org\/sito\/index.php?rest_route=\/wp\/v2\/pages\/932"}],"wp:attachment":[{"href":"https:\/\/www.asahidojo.org\/sito\/index.php?rest_route=%2Fwp%2Fv2%2Fmedia&parent=335"}],"curies":[{"name":"wp","href":"https:\/\/api.w.org\/{rel}","templated":true}]}}