{"id":2099,"date":"2013-04-05T11:07:01","date_gmt":"2013-04-05T09:07:01","guid":{"rendered":"http:\/\/www.asahidojo.org\/sito\/?page_id=2099"},"modified":"2013-04-05T11:32:43","modified_gmt":"2013-04-05T09:32:43","slug":"satsuma","status":"publish","type":"page","link":"https:\/\/www.asahidojo.org\/sito\/?page_id=2099","title":{"rendered":"SATSUMA"},"content":{"rendered":"<p align=\"LEFT\">La <b>r\u00e9bellion de SATSUMA<\/b> (<span style=\"font-family: Arial Unicode MS;\"><b>\u897f\u5357\u6226\u4e89)<\/b><\/span> <i>Seinan Sens\u014d<\/i> la guerre du Sud-Ouest) est une r\u00e9volte du clan <strong>S<\/strong><b>AMURAI SATSUMA<\/b> contre l&rsquo;arm\u00e9e imp\u00e9riale japonaise qui a \u00e9clat\u00e9 en l&rsquo;an 9 de l&rsquo;\u00e8re <b>MEIJI<\/b> en 1877.<\/p>\n<p align=\"LEFT\"><b>TAKAMORI SAIGO<\/b> se battit pour la pr\u00e9servation de la caste des <b>SAMURAI<\/b>, de leurs privil\u00e8ges mais aussi pour un gouvernement plus vertueux. Le slogan de son mouvement \u00e9tait <b>SHINSEI KOTOKU (<\/b><span style=\"font-family: Arial Unicode MS;\"><b>\u65b0\u653f\u539a\u5fb3<\/b><\/span><b>)<\/b> \u00abnouveau gouvernement, grande \u00e9thique\u00bb.<\/p>\n<p style=\"text-align: center;\" align=\"LEFT\"><a href=\"http:\/\/www.asahidojo.org\/sito\/wp-content\/uploads\/2013\/04\/300px-SaigoWithOfficers.jpg\"><img loading=\"lazy\" decoding=\"async\" class=\"alignnone size-full wp-image-2100\" alt=\"300px-SaigoWithOfficers\" src=\"http:\/\/www.asahidojo.org\/sito\/wp-content\/uploads\/2013\/04\/300px-SaigoWithOfficers.jpg\" width=\"300\" height=\"223\" \/><\/a><\/p>\n<p><span style=\"font-family: Times New Roman,serif;\"><span style=\"font-size: medium;\">En effet, le <b>HAITOREI (<\/b><\/span><\/span><span style=\"font-family: Times New Roman,serif;\"><span style=\"font-size: medium;\"><b>\u5ec3\u5200\u4ee4<\/b><\/span><\/span><span style=\"font-family: Times New Roman,serif;\"><span style=\"font-size: medium;\"><b>)<\/b> ou \u00ab\u00a0\u00c9dit d&rsquo;interdiction du port du sabre\u00bb du 28 mai 1876 interdisait le port du <strong>KATANA<\/strong> aux <b>SAMURAI<\/b> en les obligeant m\u00eame \u00e0 r\u00e9duire leur chignon et \u00e0 porter une coupe de cheveux occidentale.<\/span><\/span><\/p>\n<p style=\"text-align: left;\" align=\"LEFT\"><a href=\"http:\/\/www.asahidojo.org\/sito\/wp-content\/uploads\/2013\/04\/Samurai_hand_colored_c1890.jpg\"><img loading=\"lazy\" decoding=\"async\" class=\"size-medium wp-image-2106 aligncenter\" alt=\"Samurai_hand_colored_c1890\" src=\"http:\/\/www.asahidojo.org\/sito\/wp-content\/uploads\/2013\/04\/Samurai_hand_colored_c1890-239x300.jpg\" width=\"239\" height=\"300\" srcset=\"https:\/\/www.asahidojo.org\/sito\/wp-content\/uploads\/2013\/04\/Samurai_hand_colored_c1890-239x300.jpg 239w, https:\/\/www.asahidojo.org\/sito\/wp-content\/uploads\/2013\/04\/Samurai_hand_colored_c1890.jpg 760w\" sizes=\"auto, (max-width: 239px) 100vw, 239px\" \/><\/a><\/p>\n<p style=\"text-align: left;\" align=\"LEFT\">Sa r\u00e9volte se termina par la bataille de de <strong>SHIROYAMA<\/strong> ou 300 <strong>SAMURAI<\/strong> d\u00e9fi\u00e8rent bravement, mais en vain, plus de 35 000 soldats de l&rsquo;arm\u00e9e imp\u00e9riale arm\u00e9s de fusils et mitrailleuses <em>(bien relat\u00e9 dans le film \u00ab\u00a0Le dernier Samurai\u00a0\u00bb)<\/em>.<\/p>\n<p style=\"text-align: left;\" align=\"LEFT\"><a href=\"http:\/\/www.asahidojo.org\/sito\/wp-content\/uploads\/2013\/04\/300px-ShiroyamaBattle.jpg\"><img loading=\"lazy\" decoding=\"async\" class=\"size-full wp-image-2101 aligncenter\" alt=\"300px-ShiroyamaBattle\" src=\"http:\/\/www.asahidojo.org\/sito\/wp-content\/uploads\/2013\/04\/300px-ShiroyamaBattle.jpg\" width=\"300\" height=\"203\" \/><\/a><\/p>\n<p style=\"text-align: center;\" align=\"LEFT\">Le r\u00e8gne des <strong>SAMURAI<\/strong> venait de se terminer.<\/p>\n","protected":false},"excerpt":{"rendered":"<p>La r\u00e9bellion de SATSUMA (\u897f\u5357\u6226\u4e89) Seinan Sens\u014d la guerre du Sud-Ouest) est une r\u00e9volte du clan SAMURAI SATSUMA contre l&rsquo;arm\u00e9e imp\u00e9riale japonaise qui a \u00e9clat\u00e9 en l&rsquo;an 9 de l&rsquo;\u00e8re MEIJI en 1877. TAKAMORI SAIGO se battit pour la pr\u00e9servation &hellip; <a href=\"https:\/\/www.asahidojo.org\/sito\/?page_id=2099\">Continue reading <span class=\"meta-nav\">&rarr;<\/span><\/a><\/p>\n","protected":false},"author":1,"featured_media":0,"parent":902,"menu_order":0,"comment_status":"open","ping_status":"open","template":"","meta":{"footnotes":""},"class_list":["post-2099","page","type-page","status-publish","hentry"],"_links":{"self":[{"href":"https:\/\/www.asahidojo.org\/sito\/index.php?rest_route=\/wp\/v2\/pages\/2099","targetHints":{"allow":["GET"]}}],"collection":[{"href":"https:\/\/www.asahidojo.org\/sito\/index.php?rest_route=\/wp\/v2\/pages"}],"about":[{"href":"https:\/\/www.asahidojo.org\/sito\/index.php?rest_route=\/wp\/v2\/types\/page"}],"author":[{"embeddable":true,"href":"https:\/\/www.asahidojo.org\/sito\/index.php?rest_route=\/wp\/v2\/users\/1"}],"replies":[{"embeddable":true,"href":"https:\/\/www.asahidojo.org\/sito\/index.php?rest_route=%2Fwp%2Fv2%2Fcomments&post=2099"}],"version-history":[{"count":7,"href":"https:\/\/www.asahidojo.org\/sito\/index.php?rest_route=\/wp\/v2\/pages\/2099\/revisions"}],"predecessor-version":[{"id":2103,"href":"https:\/\/www.asahidojo.org\/sito\/index.php?rest_route=\/wp\/v2\/pages\/2099\/revisions\/2103"}],"up":[{"embeddable":true,"href":"https:\/\/www.asahidojo.org\/sito\/index.php?rest_route=\/wp\/v2\/pages\/902"}],"wp:attachment":[{"href":"https:\/\/www.asahidojo.org\/sito\/index.php?rest_route=%2Fwp%2Fv2%2Fmedia&parent=2099"}],"curies":[{"name":"wp","href":"https:\/\/api.w.org\/{rel}","templated":true}]}}