{"id":1966,"date":"2013-04-03T15:51:56","date_gmt":"2013-04-03T13:51:56","guid":{"rendered":"http:\/\/www.asahidojo.org\/sito\/?page_id=1966"},"modified":"2013-04-03T15:56:08","modified_gmt":"2013-04-03T13:56:08","slug":"le-yakuza","status":"publish","type":"page","link":"https:\/\/www.asahidojo.org\/sito\/?page_id=1966","title":{"rendered":"LE YAKUZA"},"content":{"rendered":"<h3><span style=\"font-family: Times New Roman,serif;\">Un <\/span><span style=\"font-family: Times New Roman,serif;\"><b>YAKUZA (<\/b><\/span><span style=\"font-family: Arial Unicode MS;\"><span style=\"font-family: Times New Roman,serif;\"><b>\u30e4\u30af\u30b6<\/b><\/span><\/span><span style=\"font-family: Times New Roman,serif;\"><b>&#8211; <\/b><\/span><span style=\"font-family: Arial Unicode MS;\"><span style=\"font-family: Times New Roman,serif;\"><b>\u3084\u304f\u3056<\/b><\/span><\/span><span style=\"font-family: Times New Roman,serif;\"><b>)<\/b><\/span><span style=\"font-family: Times New Roman,serif;\"> est un membre d&rsquo;un groupe du crime organis\u00e9 au Japon, membre d&rsquo;une famille. <\/span><\/h3>\n<p style=\"text-align: center;\"><a href=\"http:\/\/www.asahidojo.org\/sito\/wp-content\/uploads\/2013\/04\/KanjiYakuza.gif\"><img loading=\"lazy\" decoding=\"async\" class=\"alignnone size-medium wp-image-1963\" alt=\"KanjiYakuza\" src=\"http:\/\/www.asahidojo.org\/sito\/wp-content\/uploads\/2013\/04\/KanjiYakuza-300x108.gif\" width=\"300\" height=\"108\" \/><\/a><\/p>\n<h3><span style=\"font-family: Times New Roman,serif;\">Le clan <\/span><span style=\"font-family: Times New Roman,serif;\"><b>KUMI (<\/b><\/span><span style=\"font-family: Arial Unicode MS;\"><span style=\"font-family: Times New Roman,serif;\"><b>\u7d44<\/b><\/span><\/span><span style=\"font-family: Times New Roman,serif;\"><b>) <\/b><\/span><span style=\"font-family: Times New Roman,serif;\">\u00e9tant organis\u00e9 comme une famille <\/span><span style=\"font-family: Times New Roman,serif;\"><b>IKKA (<\/b><\/span><span style=\"font-family: Arial Unicode MS;\"><span style=\"font-family: Times New Roman,serif;\"><b>\u4e00\u5bb6<\/b><\/span><\/span><span style=\"font-family: Times New Roman,serif;\"><b>) <\/b><\/span><span style=\"font-family: Times New Roman,serif;\">et tr\u00e8s hi\u00e9rarchis\u00e9. <\/span><\/h3>\n<h3><span style=\"font-family: Times New Roman,serif;\">Le chef de clan <b>KUMICHO (<\/b><\/span><span style=\"font-family: Times New Roman,serif;\"><b>\u7d44\u9577<\/b><\/span><span style=\"font-family: Times New Roman,serif;\"><b>) <\/b>est consid\u00e9r\u00e9 comme un patriarche, et appel\u00e9 <b>OYA (<\/b><\/span><span style=\"font-family: Times New Roman,serif;\"><b>\u89aa<\/b><\/span><span style=\"font-family: Times New Roman,serif;\"><b>)<\/b> ou <b>OYABUN<\/b><b> (<\/b><\/span><span style=\"font-family: Times New Roman,serif;\"><b>\u89aa\u5206<\/b><\/span><span style=\"font-family: Times New Roman,serif;\"><b>)<\/b> litt\u00e9ralement \u00abparent, chef\u00bb, l&rsquo;\u00e9quivalent du parrain. <\/span><\/h3>\n<h3><span style=\"font-family: Times New Roman,serif;\">Si un <b>YAKUZA<\/b> enfreint le code d&rsquo;honneur, il doit, pour se faire pardonner, se mutiler lui-m\u00eame le petit doigt et l&rsquo;offrir \u00e0 l\u2019<b>OYABUN<\/b> \u2026 c&rsquo;est le <b>YUBITSUME (<\/b><\/span><span style=\"font-family: Times New Roman,serif;\"><b>\u6307\u8a70\u3081<\/b><\/span><span style=\"font-family: Times New Roman,serif;\"><b>). <\/b><\/span><\/h3>\n<h3><span style=\"font-family: Times New Roman,serif;\">Le<\/span><span style=\"font-family: Times New Roman,serif;\"><b> IREZUMI (<\/b><\/span><span style=\"font-family: Arial Unicode MS;\"><span style=\"font-family: Times New Roman,serif;\"><b>\u5165\u308c\u58a8<\/b><\/span><\/span><span style=\"font-family: Times New Roman,serif;\"><b>) <\/b><\/span><span style=\"font-family: Times New Roman,serif;\">\u00abinsertion d&rsquo;encre\u00bb <\/span><span style=\"font-family: Times New Roman,serif;\">d\u00e9signe une forme particuli\u00e8re de tatouage traditionnel que les <\/span><span style=\"font-family: Times New Roman,serif;\"><b>YAKUZA<\/b><\/span><span style=\"font-family: Times New Roman,serif;\"> pratiquaient et qui couvre de larges parties du corps, voire son int\u00e9gralit\u00e9. Dans ce cas il est appel\u00e9 <\/span><span style=\"font-family: Times New Roman,serif;\"><b>BUNSHIN (<\/b><\/span><span style=\"font-family: Arial Unicode MS;\"><span style=\"font-family: Times New Roman,serif;\"><b>\u7d0b\u8eab<\/b><\/span><\/span><span style=\"font-family: Times New Roman,serif;\"><b>)<\/b><\/span><span style=\"font-family: Times New Roman,serif;\"> qui signifie \u00abd\u00e9corer le corps\u00bb. <\/span><\/h3>\n<p><a href=\"http:\/\/www.asahidojo.org\/sito\/wp-content\/uploads\/2013\/04\/yakuza-tattoo.jpg\"><img loading=\"lazy\" decoding=\"async\" class=\"size-medium wp-image-1962 aligncenter\" alt=\"yakuza-tattoo\" src=\"http:\/\/www.asahidojo.org\/sito\/wp-content\/uploads\/2013\/04\/yakuza-tattoo-300x179.jpg\" width=\"300\" height=\"179\" srcset=\"https:\/\/www.asahidojo.org\/sito\/wp-content\/uploads\/2013\/04\/yakuza-tattoo-300x179.jpg 300w, https:\/\/www.asahidojo.org\/sito\/wp-content\/uploads\/2013\/04\/yakuza-tattoo.jpg 585w\" sizes=\"auto, (max-width: 300px) 100vw, 300px\" \/><\/a><\/p>\n<p style=\"text-align: center;\"><a href=\"http:\/\/www.asahidojo.org\/sito\/wp-content\/uploads\/2013\/04\/th6.jpg\"><img loading=\"lazy\" decoding=\"async\" class=\"alignnone size-full wp-image-1969\" alt=\"th\" src=\"http:\/\/www.asahidojo.org\/sito\/wp-content\/uploads\/2013\/04\/th6.jpg\" width=\"300\" height=\"247\" \/><\/a><\/p>\n<h3><span style=\"font-family: Times New Roman,serif;\">Par extension, ce mot d\u00e9signe aujourd&rsquo;hui n&rsquo;importe quel voyou japonais, un membre de la \u00abmafia\u00bb.<\/span><\/h3>\n","protected":false},"excerpt":{"rendered":"<p>Un YAKUZA (\u30e4\u30af\u30b6&#8211; \u3084\u304f\u3056) est un membre d&rsquo;un groupe du crime organis\u00e9 au Japon, membre d&rsquo;une famille. Le clan KUMI (\u7d44) \u00e9tant organis\u00e9 comme une famille IKKA (\u4e00\u5bb6) et tr\u00e8s hi\u00e9rarchis\u00e9. Le chef de clan KUMICHO (\u7d44\u9577) est consid\u00e9r\u00e9 comme &hellip; <a href=\"https:\/\/www.asahidojo.org\/sito\/?page_id=1966\">Continue reading <span class=\"meta-nav\">&rarr;<\/span><\/a><\/p>\n","protected":false},"author":1,"featured_media":0,"parent":950,"menu_order":0,"comment_status":"open","ping_status":"open","template":"","meta":{"footnotes":""},"class_list":["post-1966","page","type-page","status-publish","hentry"],"_links":{"self":[{"href":"https:\/\/www.asahidojo.org\/sito\/index.php?rest_route=\/wp\/v2\/pages\/1966","targetHints":{"allow":["GET"]}}],"collection":[{"href":"https:\/\/www.asahidojo.org\/sito\/index.php?rest_route=\/wp\/v2\/pages"}],"about":[{"href":"https:\/\/www.asahidojo.org\/sito\/index.php?rest_route=\/wp\/v2\/types\/page"}],"author":[{"embeddable":true,"href":"https:\/\/www.asahidojo.org\/sito\/index.php?rest_route=\/wp\/v2\/users\/1"}],"replies":[{"embeddable":true,"href":"https:\/\/www.asahidojo.org\/sito\/index.php?rest_route=%2Fwp%2Fv2%2Fcomments&post=1966"}],"version-history":[{"count":3,"href":"https:\/\/www.asahidojo.org\/sito\/index.php?rest_route=\/wp\/v2\/pages\/1966\/revisions"}],"predecessor-version":[{"id":1968,"href":"https:\/\/www.asahidojo.org\/sito\/index.php?rest_route=\/wp\/v2\/pages\/1966\/revisions\/1968"}],"up":[{"embeddable":true,"href":"https:\/\/www.asahidojo.org\/sito\/index.php?rest_route=\/wp\/v2\/pages\/950"}],"wp:attachment":[{"href":"https:\/\/www.asahidojo.org\/sito\/index.php?rest_route=%2Fwp%2Fv2%2Fmedia&parent=1966"}],"curies":[{"name":"wp","href":"https:\/\/api.w.org\/{rel}","templated":true}]}}