{"id":1763,"date":"2013-04-02T01:30:54","date_gmt":"2013-04-01T23:30:54","guid":{"rendered":"http:\/\/www.asahidojo.org\/sito\/?page_id=1763"},"modified":"2013-04-02T23:57:10","modified_gmt":"2013-04-02T21:57:10","slug":"symboles-japonais","status":"publish","type":"page","link":"https:\/\/www.asahidojo.org\/sito\/?page_id=1763","title":{"rendered":"SYMBOLES JAPONAIS"},"content":{"rendered":"<h2 style=\"text-align: center;\"><strong>\u65e5\u672c\u306e\u30b7\u30f3\u30dc\u30eb NIHON NO SHINBORU\u00a0<\/strong><\/h2>\n<p><strong>&#8211; SAKURA<\/strong> : <strong>\u685c<\/strong> Fleur de cerisier.<\/p>\n<p><a href=\"http:\/\/www.asahidojo.org\/sito\/wp-content\/uploads\/2013\/04\/3086998415_1_7_5ZWP3EJB.jpg\"><img loading=\"lazy\" decoding=\"async\" class=\"alignnone size-medium wp-image-1772\" alt=\"3086998415_1_7_5ZWP3EJB\" src=\"http:\/\/www.asahidojo.org\/sito\/wp-content\/uploads\/2013\/04\/3086998415_1_7_5ZWP3EJB-300x225.jpg\" width=\"300\" height=\"225\" srcset=\"https:\/\/www.asahidojo.org\/sito\/wp-content\/uploads\/2013\/04\/3086998415_1_7_5ZWP3EJB-300x225.jpg 300w, https:\/\/www.asahidojo.org\/sito\/wp-content\/uploads\/2013\/04\/3086998415_1_7_5ZWP3EJB.jpg 600w\" sizes=\"auto, (max-width: 300px) 100vw, 300px\" \/><\/a><\/p>\n<p><strong>&#8211; HINOMARU<\/strong> : <strong>\u65e5\u306e\u4e38<\/strong> Drapeau national japonais.<\/p>\n<p><a href=\"http:\/\/www.asahidojo.org\/sito\/wp-content\/uploads\/2013\/03\/1-japon-drapeau-hinomaru-nisshoki.jpg\"><img loading=\"lazy\" decoding=\"async\" class=\"alignnone size-medium wp-image-1371\" alt=\"Halloween\" src=\"http:\/\/www.asahidojo.org\/sito\/wp-content\/uploads\/2013\/03\/1-japon-drapeau-hinomaru-nisshoki-225x300.jpg\" width=\"225\" height=\"300\" srcset=\"https:\/\/www.asahidojo.org\/sito\/wp-content\/uploads\/2013\/03\/1-japon-drapeau-hinomaru-nisshoki-225x300.jpg 225w, https:\/\/www.asahidojo.org\/sito\/wp-content\/uploads\/2013\/03\/1-japon-drapeau-hinomaru-nisshoki.jpg 482w\" sizes=\"auto, (max-width: 225px) 100vw, 225px\" \/><\/a><\/p>\n<p><strong>&#8211; FUJI SAN : \u5bcc\u58eb\u5c71 <\/strong>le mont FUJI YAMA.<\/p>\n<p><a href=\"http:\/\/www.asahidojo.org\/sito\/wp-content\/uploads\/2013\/04\/Fuji2-6.jpg\"><img loading=\"lazy\" decoding=\"async\" class=\"alignnone size-medium wp-image-1773\" alt=\"Fuji2-6\" src=\"http:\/\/www.asahidojo.org\/sito\/wp-content\/uploads\/2013\/04\/Fuji2-6-300x224.jpg\" width=\"300\" height=\"224\" srcset=\"https:\/\/www.asahidojo.org\/sito\/wp-content\/uploads\/2013\/04\/Fuji2-6-300x224.jpg 300w, https:\/\/www.asahidojo.org\/sito\/wp-content\/uploads\/2013\/04\/Fuji2-6.jpg 640w\" sizes=\"auto, (max-width: 300px) 100vw, 300px\" \/><\/a><\/p>\n<p><strong>&#8211; CHOCHIN \u63d0\u706f<\/strong> Lanterne japonaise en papier.<\/p>\n<p><a href=\"http:\/\/www.asahidojo.org\/sito\/wp-content\/uploads\/2013\/04\/japon1-036.jpg\"><img loading=\"lazy\" decoding=\"async\" class=\"alignnone size-medium wp-image-1784\" alt=\"japon1-036\" src=\"http:\/\/www.asahidojo.org\/sito\/wp-content\/uploads\/2013\/04\/japon1-036-300x225.jpg\" width=\"300\" height=\"225\" srcset=\"https:\/\/www.asahidojo.org\/sito\/wp-content\/uploads\/2013\/04\/japon1-036-300x225.jpg 300w, https:\/\/www.asahidojo.org\/sito\/wp-content\/uploads\/2013\/04\/japon1-036.jpg 600w\" sizes=\"auto, (max-width: 300px) 100vw, 300px\" \/><\/a><\/p>\n<p><strong>&#8211; KOKESHI : \u5c0f\u82a5\u5b50 <\/strong>Poup\u00e9e traditionnelle japonaise.<\/p>\n<p><a href=\"http:\/\/www.asahidojo.org\/sito\/wp-content\/uploads\/2013\/04\/Kokeshi_2Medium.jpg\"><img loading=\"lazy\" decoding=\"async\" class=\"alignnone size-medium wp-image-1768\" alt=\"Kokeshi_2(Medium)\" src=\"http:\/\/www.asahidojo.org\/sito\/wp-content\/uploads\/2013\/04\/Kokeshi_2Medium-300x238.jpg\" width=\"300\" height=\"238\" srcset=\"https:\/\/www.asahidojo.org\/sito\/wp-content\/uploads\/2013\/04\/Kokeshi_2Medium-300x238.jpg 300w, https:\/\/www.asahidojo.org\/sito\/wp-content\/uploads\/2013\/04\/Kokeshi_2Medium.jpg 800w\" sizes=\"auto, (max-width: 300px) 100vw, 300px\" \/><\/a><\/p>\n<p><strong>&#8211; SHISHI ODOSHI : \u9e7f\u5a01\u3057 <\/strong>Fontaine en bambou \u00e0 bascule qui signifie \u00ab\u00a0effrayer le cerf\u00a0\u00bb. Elle servait aussi d&rsquo;\u00e9pouvantail <strong>KAKASHI \u304b\u304b\u3057.<\/strong><\/p>\n<p><a href=\"http:\/\/www.asahidojo.org\/sito\/wp-content\/uploads\/2013\/04\/newshishi.jpg\"><img loading=\"lazy\" decoding=\"async\" class=\"alignnone size-medium wp-image-1767\" alt=\"newshishi\" src=\"http:\/\/www.asahidojo.org\/sito\/wp-content\/uploads\/2013\/04\/newshishi-300x183.jpg\" width=\"300\" height=\"183\" srcset=\"https:\/\/www.asahidojo.org\/sito\/wp-content\/uploads\/2013\/04\/newshishi-300x183.jpg 300w, https:\/\/www.asahidojo.org\/sito\/wp-content\/uploads\/2013\/04\/newshishi.jpg 800w\" sizes=\"auto, (max-width: 300px) 100vw, 300px\" \/><\/a><\/p>\n<p><strong>&#8211; MANEKI NEKKO : <\/strong>Figurine chat \u00ab\u00a0porte-Bonheur\u00a0\u00bb. Son nom signifie d&rsquo;ailleurs le chat <strong>NEKKO \u732b<\/strong> qui invite<strong> MANEKI<\/strong> <strong>\u62db\u304d.<\/strong><\/p>\n<p><a href=\"http:\/\/www.asahidojo.org\/sito\/wp-content\/uploads\/2013\/04\/Manekineko1003Medium.jpg\"><img loading=\"lazy\" decoding=\"async\" class=\"alignnone size-medium wp-image-1769\" alt=\"Manekineko1003(Medium)\" src=\"http:\/\/www.asahidojo.org\/sito\/wp-content\/uploads\/2013\/04\/Manekineko1003Medium-239x300.jpg\" width=\"239\" height=\"300\" srcset=\"https:\/\/www.asahidojo.org\/sito\/wp-content\/uploads\/2013\/04\/Manekineko1003Medium-239x300.jpg 239w, https:\/\/www.asahidojo.org\/sito\/wp-content\/uploads\/2013\/04\/Manekineko1003Medium.jpg 479w\" sizes=\"auto, (max-width: 239px) 100vw, 239px\" \/><\/a><\/p>\n<p><strong>&#8211; FURIN<\/strong> : <strong>\u98a8\u9234<\/strong><sup>\u00a0<\/sup> Clochette \u00e0 vent, carillon \u00e9olien.<\/p>\n<p><a href=\"http:\/\/www.asahidojo.org\/sito\/wp-content\/uploads\/2013\/04\/furin2.jpg\"><img loading=\"lazy\" decoding=\"async\" class=\"alignnone size-medium wp-image-1766\" alt=\"furin2\" src=\"http:\/\/www.asahidojo.org\/sito\/wp-content\/uploads\/2013\/04\/furin2-176x300.jpg\" width=\"176\" height=\"300\" srcset=\"https:\/\/www.asahidojo.org\/sito\/wp-content\/uploads\/2013\/04\/furin2-176x300.jpg 176w, https:\/\/www.asahidojo.org\/sito\/wp-content\/uploads\/2013\/04\/furin2.jpg 344w\" sizes=\"auto, (max-width: 176px) 100vw, 176px\" \/><\/a><\/p>\n<p><strong>&#8211; RAIJIN<\/strong> : Dieu japonais de la foudre\u00a0 <strong>RAI \u96f7<\/strong> tonnerre et <strong>JIN (\u795e)<\/strong> = dieu.<\/p>\n<p><a href=\"http:\/\/www.asahidojo.org\/sito\/wp-content\/uploads\/2013\/04\/Sanjusangendo_Raijin.jpg\"><img loading=\"lazy\" decoding=\"async\" class=\"alignnone size-medium wp-image-1770\" alt=\"Sanjusangendo_Raijin\" src=\"http:\/\/www.asahidojo.org\/sito\/wp-content\/uploads\/2013\/04\/Sanjusangendo_Raijin-273x300.jpg\" width=\"273\" height=\"300\" srcset=\"https:\/\/www.asahidojo.org\/sito\/wp-content\/uploads\/2013\/04\/Sanjusangendo_Raijin-273x300.jpg 273w, https:\/\/www.asahidojo.org\/sito\/wp-content\/uploads\/2013\/04\/Sanjusangendo_Raijin.jpg 547w\" sizes=\"auto, (max-width: 273px) 100vw, 273px\" \/><\/a><\/p>\n<p><strong>&#8211; ONSEN<\/strong> : <strong>\u6e29\u6cc9<\/strong> Source naturelle d&rsquo;eaux chaudes.<\/p>\n<p><a href=\"http:\/\/www.asahidojo.org\/sito\/wp-content\/uploads\/2013\/04\/1212328883Medium.jpg\"><img loading=\"lazy\" decoding=\"async\" class=\"alignnone size-medium wp-image-1764\" alt=\"1212328883(Medium)\" src=\"http:\/\/www.asahidojo.org\/sito\/wp-content\/uploads\/2013\/04\/1212328883Medium-300x198.jpg\" width=\"315\" height=\"207\" \/><\/a><\/p>\n<p><strong>&#8211; DARUMA<\/strong> : <strong>\u9054\u78e8<\/strong> Figurine \u00e0 voeux, \u00e0 souhaits.<\/p>\n<p><a href=\"http:\/\/www.asahidojo.org\/sito\/wp-content\/uploads\/2013\/04\/daruma_two_eye.jpg\"><img loading=\"lazy\" decoding=\"async\" class=\"alignnone size-medium wp-image-1765\" alt=\"daruma_two_eye\" src=\"http:\/\/www.asahidojo.org\/sito\/wp-content\/uploads\/2013\/04\/daruma_two_eye-257x300.jpg\" width=\"257\" height=\"300\" srcset=\"https:\/\/www.asahidojo.org\/sito\/wp-content\/uploads\/2013\/04\/daruma_two_eye-257x300.jpg 257w, https:\/\/www.asahidojo.org\/sito\/wp-content\/uploads\/2013\/04\/daruma_two_eye.jpg 360w\" sizes=\"auto, (max-width: 257px) 100vw, 257px\" \/><\/a><\/p>\n<p><strong>&#8211; KAITOMOSHI : \u63bb\u706f<\/strong><sup>\u00a0<\/sup> lanterne suspendue en g\u00e9n\u00e9ral, le <strong>TSURI DORO<\/strong> \u00e9tant une petite lanterne suspendues en m\u00e9tal.<\/p>\n<p><a href=\"http:\/\/www.asahidojo.org\/sito\/wp-content\/uploads\/2013\/04\/800px-Tanzan_jinja01s3200.jpg\"><img loading=\"lazy\" decoding=\"async\" class=\"alignnone size-medium wp-image-1781\" alt=\"800px-Tanzan_jinja01s3200\" src=\"http:\/\/www.asahidojo.org\/sito\/wp-content\/uploads\/2013\/04\/800px-Tanzan_jinja01s3200-300x201.jpg\" width=\"300\" height=\"201\" srcset=\"https:\/\/www.asahidojo.org\/sito\/wp-content\/uploads\/2013\/04\/800px-Tanzan_jinja01s3200-300x201.jpg 300w, https:\/\/www.asahidojo.org\/sito\/wp-content\/uploads\/2013\/04\/800px-Tanzan_jinja01s3200.jpg 800w\" sizes=\"auto, (max-width: 300px) 100vw, 300px\" \/><\/a><\/p>\n<p><strong>&#8211; ISHIDORO<\/strong> <strong>\u77f3\u706f\u7c60<\/strong> : Lanterne de pierre de <strong>TORO \u706f\u7c60\u00a0 <\/strong>lanterne \u00ab\u00a0<i>panier \u00e0 lumi\u00e8re, phare\u00a0\u00bb.<\/i><strong><br \/>\n<\/strong><\/p>\n<p><a href=\"http:\/\/www.asahidojo.org\/sito\/wp-content\/uploads\/2013\/04\/707px-HiroshimaShukkeienLantern7324.jpg\"><img loading=\"lazy\" decoding=\"async\" class=\"alignnone size-medium wp-image-1780\" alt=\"707px-HiroshimaShukkeienLantern7324\" src=\"http:\/\/www.asahidojo.org\/sito\/wp-content\/uploads\/2013\/04\/707px-HiroshimaShukkeienLantern7324-300x254.jpg\" width=\"300\" height=\"254\" srcset=\"https:\/\/www.asahidojo.org\/sito\/wp-content\/uploads\/2013\/04\/707px-HiroshimaShukkeienLantern7324-300x254.jpg 300w, https:\/\/www.asahidojo.org\/sito\/wp-content\/uploads\/2013\/04\/707px-HiroshimaShukkeienLantern7324.jpg 707w\" sizes=\"auto, (max-width: 300px) 100vw, 300px\" \/><\/a><\/p>\n<p style=\"text-align: left;\"><strong>&#8211; KIKU :\u00a0<strong>\u83ca<\/strong><\/strong> Le Chrysanth\u00e8me est le symbole de la famille imp\u00e9riale et on en trouve un sur le sceau imp\u00e9rial du Japon avec 16 p\u00e9tales.<\/p>\n<p><a href=\"http:\/\/www.asahidojo.org\/sito\/wp-content\/uploads\/2013\/04\/th1.jpg\"><img loading=\"lazy\" decoding=\"async\" class=\"alignnone size-full wp-image-1783\" alt=\"th\" src=\"http:\/\/www.asahidojo.org\/sito\/wp-content\/uploads\/2013\/04\/th1.jpg\" width=\"332\" height=\"225\" \/><\/a> <a href=\"http:\/\/www.asahidojo.org\/sito\/wp-content\/uploads\/2013\/04\/Japanese_Imperial_Seal.svg_.png\"><img loading=\"lazy\" decoding=\"async\" class=\"size-full wp-image-1782 alignright\" alt=\"Japanese_Imperial_Seal.svg\" src=\"http:\/\/www.asahidojo.org\/sito\/wp-content\/uploads\/2013\/04\/Japanese_Imperial_Seal.svg_.png\" width=\"180\" height=\"180\" srcset=\"https:\/\/www.asahidojo.org\/sito\/wp-content\/uploads\/2013\/04\/Japanese_Imperial_Seal.svg_.png 180w, https:\/\/www.asahidojo.org\/sito\/wp-content\/uploads\/2013\/04\/Japanese_Imperial_Seal.svg_-150x150.png 150w\" sizes=\"auto, (max-width: 180px) 100vw, 180px\" \/><\/a><\/p>\n<p><strong>&#8211; TENNO :<\/strong> <strong>\u5929\u7687 <\/strong>l&rsquo;Empereur, le souverain c\u00e9leste (fils du ciel).<\/p>\n<p><a href=\"http:\/\/www.asahidojo.org\/sito\/wp-content\/uploads\/2013\/04\/th2.jpg\"><img loading=\"lazy\" decoding=\"async\" class=\"alignnone size-full wp-image-1810\" alt=\"th\" src=\"http:\/\/www.asahidojo.org\/sito\/wp-content\/uploads\/2013\/04\/th2.jpg\" width=\"260\" height=\"300\" \/><\/a>\u00a0 <strong>AKIHITO<\/strong> &#8230; Empereur actuel !!<\/p>\n<p><b>&#8211; KIMI GA YO<\/b> :\u00a0\u00a0 <strong>\u541b\u304c\u4ee3<\/strong>\u00a0 est l&rsquo;Hymne National officiel du Japon.<\/p>\n<p><a href=\"http:\/\/www.asahidojo.org\/sito\/wp-content\/uploads\/2013\/04\/280px-Kimigayo_score_svg.png\"><img loading=\"lazy\" decoding=\"async\" class=\"alignnone size-full wp-image-1811\" alt=\"280px-Kimigayo_score_svg\" src=\"http:\/\/www.asahidojo.org\/sito\/wp-content\/uploads\/2013\/04\/280px-Kimigayo_score_svg.png\" width=\"280\" height=\"197\" \/><\/a><\/p>\n<p><a href=\"http:\/\/www.youtube.com\/watch?v=zqbyLsfhA4w\" target=\"_blank\">http:\/\/www.youtube.com\/watch?v=zqbyLsfhA4w<\/a><\/p>\n<p><strong>&#8211; BONSAI <\/strong>:<strong> <strong>\u76c6\u683d<\/strong> <\/strong>arbre miniature dans un pot <strong>\u76c6 BON<\/strong> signifiant coupe ou pot et <strong>\u683d SAI <\/strong>plante.<\/p>\n<p><a href=\"http:\/\/www.asahidojo.org\/sito\/wp-content\/uploads\/2013\/04\/bonsai.jpg\"><img loading=\"lazy\" decoding=\"async\" class=\"alignnone size-medium wp-image-1792\" alt=\"bonsai\" src=\"http:\/\/www.asahidojo.org\/sito\/wp-content\/uploads\/2013\/04\/bonsai-300x218.jpg\" width=\"300\" height=\"218\" srcset=\"https:\/\/www.asahidojo.org\/sito\/wp-content\/uploads\/2013\/04\/bonsai-300x218.jpg 300w, https:\/\/www.asahidojo.org\/sito\/wp-content\/uploads\/2013\/04\/bonsai.jpg 520w\" sizes=\"auto, (max-width: 300px) 100vw, 300px\" \/><\/a><\/p>\n<p><strong>&#8211; KOI : <\/strong>\u9bc9<strong> <\/strong>carpe, symbole d&rsquo;amour et de virilit\u00e9.<\/p>\n<p><a href=\"http:\/\/www.asahidojo.org\/sito\/wp-content\/uploads\/2013\/04\/koi-fish-profile.jpg\"><img loading=\"lazy\" decoding=\"async\" class=\"alignnone size-medium wp-image-1809\" alt=\"koi-fish-profile\" src=\"http:\/\/www.asahidojo.org\/sito\/wp-content\/uploads\/2013\/04\/koi-fish-profile-300x240.jpg\" width=\"300\" height=\"240\" srcset=\"https:\/\/www.asahidojo.org\/sito\/wp-content\/uploads\/2013\/04\/koi-fish-profile-300x240.jpg 300w, https:\/\/www.asahidojo.org\/sito\/wp-content\/uploads\/2013\/04\/koi-fish-profile.jpg 400w\" sizes=\"auto, (max-width: 300px) 100vw, 300px\" \/><\/a><\/p>\n<p><strong>-TAKI : \u6edd <\/strong>la cascade symb\u00f4le de purification.<\/p>\n<p><a href=\"http:\/\/www.asahidojo.org\/sito\/wp-content\/uploads\/2013\/04\/2-cascades-jardin-jardin-japonais-Cincinnati-Zoo-June-2007_xl.jpg\"><img loading=\"lazy\" decoding=\"async\" class=\"alignnone size-medium wp-image-1828\" alt=\"2-cascades-jardin-jardin-japonais-Cincinnati-Zoo-June-2007_xl\" src=\"http:\/\/www.asahidojo.org\/sito\/wp-content\/uploads\/2013\/04\/2-cascades-jardin-jardin-japonais-Cincinnati-Zoo-June-2007_xl-300x225.jpg\" width=\"300\" height=\"225\" srcset=\"https:\/\/www.asahidojo.org\/sito\/wp-content\/uploads\/2013\/04\/2-cascades-jardin-jardin-japonais-Cincinnati-Zoo-June-2007_xl-300x225.jpg 300w, https:\/\/www.asahidojo.org\/sito\/wp-content\/uploads\/2013\/04\/2-cascades-jardin-jardin-japonais-Cincinnati-Zoo-June-2007_xl.jpg 800w\" sizes=\"auto, (max-width: 300px) 100vw, 300px\" \/><\/a><\/p>\n<p><strong>&#8211; TAKO (\u51e7)<\/strong> cerf-volant.<\/p>\n<p>tradition japonaise pour la naissance d&rsquo;un gar\u00e7on soulign\u00e9e par un envol de cerf-volant. Cout\u00fbme de faire voler des banderoles de carpes appel\u00e9es KOINOBORI pour la bonne sant\u00e9 des gar\u00e7ons et leur avenir brillant.<\/p>\n<p><a href=\"http:\/\/www.asahidojo.org\/sito\/wp-content\/uploads\/2013\/04\/koinobori-by-photographer-ubc.jpg\"><img loading=\"lazy\" decoding=\"async\" class=\"alignnone size-medium wp-image-1952\" alt=\"koinobori-by-photographer-ubc\" src=\"http:\/\/www.asahidojo.org\/sito\/wp-content\/uploads\/2013\/04\/koinobori-by-photographer-ubc-300x225.jpg\" width=\"300\" height=\"225\" srcset=\"https:\/\/www.asahidojo.org\/sito\/wp-content\/uploads\/2013\/04\/koinobori-by-photographer-ubc-300x225.jpg 300w, https:\/\/www.asahidojo.org\/sito\/wp-content\/uploads\/2013\/04\/koinobori-by-photographer-ubc.jpg 500w\" sizes=\"auto, (max-width: 300px) 100vw, 300px\" \/><\/a><\/p>\n<p>&nbsp;<\/p>\n<p>&nbsp;<\/p>\n<p>.<\/p>\n","protected":false},"excerpt":{"rendered":"<p>\u65e5\u672c\u306e\u30b7\u30f3\u30dc\u30eb NIHON NO SHINBORU\u00a0 &#8211; SAKURA : \u685c Fleur de cerisier. &#8211; HINOMARU : \u65e5\u306e\u4e38 Drapeau national japonais. &#8211; FUJI SAN : \u5bcc\u58eb\u5c71 le mont FUJI YAMA. &#8211; CHOCHIN \u63d0\u706f Lanterne japonaise en papier. &#8211; KOKESHI : \u5c0f\u82a5\u5b50 Poup\u00e9e traditionnelle &hellip; <a href=\"https:\/\/www.asahidojo.org\/sito\/?page_id=1763\">Continue reading <span class=\"meta-nav\">&rarr;<\/span><\/a><\/p>\n","protected":false},"author":1,"featured_media":0,"parent":950,"menu_order":0,"comment_status":"open","ping_status":"open","template":"","meta":{"footnotes":""},"class_list":["post-1763","page","type-page","status-publish","hentry"],"_links":{"self":[{"href":"https:\/\/www.asahidojo.org\/sito\/index.php?rest_route=\/wp\/v2\/pages\/1763","targetHints":{"allow":["GET"]}}],"collection":[{"href":"https:\/\/www.asahidojo.org\/sito\/index.php?rest_route=\/wp\/v2\/pages"}],"about":[{"href":"https:\/\/www.asahidojo.org\/sito\/index.php?rest_route=\/wp\/v2\/types\/page"}],"author":[{"embeddable":true,"href":"https:\/\/www.asahidojo.org\/sito\/index.php?rest_route=\/wp\/v2\/users\/1"}],"replies":[{"embeddable":true,"href":"https:\/\/www.asahidojo.org\/sito\/index.php?rest_route=%2Fwp%2Fv2%2Fcomments&post=1763"}],"version-history":[{"count":19,"href":"https:\/\/www.asahidojo.org\/sito\/index.php?rest_route=\/wp\/v2\/pages\/1763\/revisions"}],"predecessor-version":[{"id":3216,"href":"https:\/\/www.asahidojo.org\/sito\/index.php?rest_route=\/wp\/v2\/pages\/1763\/revisions\/3216"}],"up":[{"embeddable":true,"href":"https:\/\/www.asahidojo.org\/sito\/index.php?rest_route=\/wp\/v2\/pages\/950"}],"wp:attachment":[{"href":"https:\/\/www.asahidojo.org\/sito\/index.php?rest_route=%2Fwp%2Fv2%2Fmedia&parent=1763"}],"curies":[{"name":"wp","href":"https:\/\/api.w.org\/{rel}","templated":true}]}}